- 2*l + 1. What is i(f)?
-5
Suppose 0 = 3*n + 2*n - 10. Let p(x) = 0 - 3*x + 1 - n - x**3 - x**2 + 2*x**3. Determine p(-2).
-7
Let l(k) be the third derivative of -k**6/120 - k**5/30 + k**4/12 - k**3/3 - 6*k**2 + 4*k. Calculate l(-3).
1
Let y(s) = s**2 - 3*s + 5. Let p(z) = z + 10. Suppose 5*q - 25 + 5 = 5*u, 5*q = 2*u + 2. Let i be p(u). Give y(i).
9
Let g(u) = u**3 + 5*u**2 - 8*u + 14*u + 2 - 8*u - 5*u. Give g(-6).
8
Suppose 2*c - 1 = 3. Suppose -5*l + 7 = c. Let b(x) = -x. Calculate b(l).
-1
Let f(g) = 2*g**3 + g**2 + g - 1. Let o(r) = r**3 + 2*r**2 - 2*r + 2. Let s be o(-4). Let d be s/(-55) - 3/(-5). Give f(d).
3
Let n(v) = -4*v**3 - 282 + 285 - v**2 - v + 3*v**3. Give n(0).
3
Let y(x) = -3*x**2 + 2*x**3 + 2*x - 4*x + x**3 - 2*x**3 - 4. Give y(3).
-10
Let f = -13 - -8. Let h be 1 + f + 0 - 1. Let c(w) = w + 4. Give c(h).
-1
Suppose -u = 3 + 1. Let s(d) = -d - 5. Determine s(u).
-1
Let b(t) be the second derivative of t**3/6 + 11*t**2/2 - t. Let l(w) = -8*w**2 + 3*w - 1. Let n be l(1). Give b(n).
5
Let b = 5 - 8. Let c be (-12)/(-2) + b + 2. Let g(a) = 0*a - c + a + 2*a. What is g(4)?
7
Let g(v) = -3*v**2 + v + 3. Let p(q) = -q**2 + 6. Let i be p(-3). Determine g(i).
-27
Let j(f) = -3*f**2 - 5*f - 13. Let y(v) be the third derivative of v**5/30 + v**4/12 + 7*v**3/6 + 2*v**2. Let r(n) = -3*j(n) - 5*y(n). What is r(5)?
4
Let m(x) be the third derivative of -x**5/60 + x**4/12 + 24*x**2. Determine m(4).
-8
Let a(p) = -4*p**2 + 13*p. Let k(j) = 2*j**2 - 6*j. Let w(m) = -6*a(m) - 13*k(m). What is w(2)?
-8
Suppose 2*c + 3 = -c, 4*m - 7 = -5*c. Let l(b) = b + 1. Let f(g) = 4*g + 4. Let u = 2 - 0. Let z(a) = u*f(a) - 6*l(a). Calculate z(m).
8
Let t(j) = j**3 + 0 - j - 2*j**3 + 1. Let u be 1/3 + (-8)/(-12). Give t(u).
-1
Let a = -2 - -7. Suppose 0 = -2*f + q, -3*f + 5 = -8*f + a*q. Let k(g) = 7*g + 1. Determine k(f).
8
Let u(h) = h + 2. Suppose -3*y = -13 + 4. Let r be u(y). Let l(g) = g**2 - 6*g. Calculate l(r).
-5
Suppose -4 = -5*q + 31. Let f(w) = w**3 - 8*w**2 + 7*w - 7. Give f(q).
-7
Let w(r) = 2*r. Let f be w(-5). Let z be (-4)/f + 104/40. Let l(a) = -z*a - 2*a + 0*a + 6*a. What is l(4)?
4
Let d(k) be the second derivative of -k**4/24 + k**3/2 + 3*k**2/2 - 3*k. Let j(x) be the first derivative of d(x). What is j(3)?
0
Suppose 6 = 47*q - 46*q. Let p(m) = 3*m - 6 - 5*m + 3*m. Determine p(q).
0
Let t(m) = m**3 + 7*m**2 + 5*m - 3 - 5*m**2 - 2*m + 4*m**2. Determine t(-5).
7
Let w(o) = o. Let y(s) = -s**2 - 2*s - 1. Let l(k) = -3*w(k) - y(k). Determine l(0).
1
Let p(s) be the first derivative of s**3/6 + 2*s + 8. Let l(r) be the first derivative of p(r). Give l(-1).
-1
Suppose -5*g = -2*z + 6, -2*z + g = -6*z + 34. Suppose 0 = w - 1 - z. Let j = w - 6. Let q(a) = -a**3 + 2*a**2 + 2*a - 4. What is q(j)?
-7
Let a(t) be the second derivative of -5/3*t**3 + 1/2*t**2 + 0 + 2*t. Determine a(1).
-9
Suppose -4*g - 14 = -2*u, -2*g + 12 - 1 = 5*u. Let m(n) = 0 + 3*n + u + 2. Give m(-5).
-10
Let j = 8 + -12. Let l(a) = 2*a. Give l(j).
-8
Suppose 0 = 4*z - 17 + 5. Let o = 4 - 7. Let c(n) = -2*n**3 - 4*n**2 + 4*n + 1. Let g(m) = -m**3 + m - 1. Let t(x) = o*g(x) + c(x). Calculate t(z).
-2
Let y(m) = -2*m**2 + 87 - 8*m**2 - 88. Give y(1).
-11
Let a(x) = -x**2 + 9*x - 3. Let f(c) = -3*c**2 + 27*c - 9. Let s(r) = -7*a(r) + 2*f(r). Give s(5).
-17
Suppose 12 = 4*b + 2*k - 0*k, 2*k - 15 = -5*b. Let h(z) = 1. Let q(o) = -2*o + 4. Let v(g) = 2*h(g) - q(g). Calculate v(b).
4
Let x(d) be the first derivative of -3*d**2 - 1/4*d**4 - 1 + 4*d + 2*d**3. Let r(m) = -m**3 - 20*m**2 - 18*m + 24. Let p be r(-19). Calculate x(p).
-1
Let q(b) = b**2 + 2*b - 3. Let h be q(-5). Let t(a) = -h*a + 6*a + 9*a + 2. Give t(2).
8
Let h(g) = g**2 + g + 6. Let p = 6 - 12. Let s be p/9 + (-8)/(-12). Determine h(s).
6
Suppose -4*i - 10 = -3*y - 5*i, 5*i = 4*y - 45. Suppose 2*v - 7*v = l + 5, y*l - 3*v + 25 = 0. Let u(q) = -5*q + 0*q + 3*q. Give u(l).
10
Let j(k) be the second derivative of k**4/12 - 7*k**3/6 - k**2/2 - 2*k - 8. What is j(5)?
-11
Let i(u) be the second derivative of -u**5/20 + u**4/3 - u**2 - u. Suppose -9 = 2*f - 41. Let r be ((-1)/2)/((-2)/f). Calculate i(r).
-2
Let l(b) = 5*b**2 - 7*b. Let m(k) = -12*k**2 + 14*k. Let d(y) = -5*l(y) - 2*m(y). Determine d(5).
10
Let h(w) = -w - 1. Let c(k) = -2*k**2 - 5*k - 5. Let y(i) = -c(i) + 4*h(i). Determine y(-2).
7
Let d(y) be the first derivative of 5*y**4/4 + y**3/3 - y**2/2 - 1. Let m be -3 + 1*4/1. Let r(w) = 2*w**3 - 2*w**2 + 2*w - 1. Let s be r(m). Calculate d(s).
5
Let r(t) = -t**3 - 7*t**2 + 9*t + 12. Let p be r(-8). Let h(a) be the second derivative of 1/12*a**4 + a**2 - 1/2*a**3 + 0 + 2*a. Give h(p).
6
Suppose -2*n = 7 + 3. Let h(k) = -3. Let w(s) = -s - 1. Let u(z) = h(z) - 4*w(z). Let l(v) = -9*v - 2. Let a(g) = -3*l(g) - 7*u(g). What is a(n)?
4
Suppose 7 = 2*w - 3. Suppose 0 = -5*m + w + 5. Let o(b) = 3*b**2 - 3*b - 2*b**m - 2*b**2 - 2 + 2*b. Give o(0).
-2
Let m(i) = 27*i - 6*i - 13*i. Calculate m(-2).
-16
Let p(o) = -6 + 6 - 3*o. Let x(a) = a**3 - 6*a**2 + 4*a + 7. Suppose 5*h - 13 - 12 = 0. Let s be x(h). Determine p(s).
-6
Let f(m) = m**3 - m**2 - 4*m + 7. Let q(n) = -n**3 + n**2 + 2*n - 4. Let i(a) = -3*f(a) - 5*q(a). Determine i(1).
1
Let c(v) = 32*v**3 + 3*v**2 - 3*v - 11. Let h(z) = -11*z**3 - z**2 + z + 4. Let s(g) = 3*c(g) + 8*h(g). Let o = 5 + -6. Give s(o).
-7
Let s(m) be the first derivative of -2*m**3 + 9/2*m**2 + 2 + 8*m - 1/4*m**4. Determine s(-7).
-6
Let d(h) = h + 4. Let q(u) = -3*u - 12. Let p(m) = 17*d(m) + 6*q(m). Suppose 10*l - 5*l = 75. Suppose -6*v + 3*v = l. What is p(v)?
1
Let w(i) = -i + 2 - 13 - 10*i. Let a(k) = 2*k + 2. Let n(h) = -34*a(h) - 6*w(h). Suppose -6 = 3*d + 3. Determine n(d).
4
Let c be 2 + 2 + (-22 - -2). Let j = -22 - c. Let a(z) = -z - 11. Give a(j).
-5
Let p(r) = 8*r**2 - 5*r - 5 + 5 - 7*r**2. Calculate p(4).
-4
Let i be (-34)/(-51) - (-14)/6. Let a(y) be the first derivative of -y**3/3 + 4*y + 1. Determine a(i).
-5
Let k(b) = -b**2 + 2*b + 5. Suppose -4 = 2*g + o - 2*o, 2*g + 3*o = 12. Suppose -2*a + 5*a - 15 = g. Calculate k(a).
-10
Let w(a) = a - 1. Let u(r) = -r - 4. Suppose -3*v - 5*i + 18 = -4*v, i = 2*v + 9. Let d(m) = v*w(m) - u(m). Give d(6).
-5
Suppose 0 = q + x - 12, 4*q + 2 = 2*x + 20. Let b(j) = -j**2 + 6*j + 10. Let w be b(q). Let k(u) = 1 - w*u + 6 + u. Give k(6).
-5
Let g(w) = w**3 + w**2 - 3. Let m(p) = -3*p - 30. Let d be m(-9). Give g(d).
-21
Suppose 5*t = -2*h + 1 - 2, t = h - 10. Let x(m) = -6 + 3*m**2 + 5*m**2 - h*m**2. What is x(0)?
-6
Let j be (18/(-15))/((-2)/(-10)). Let q(b) = -3 + 2 + b + 5. Let u(a) = 1. Let m(d) = -q(d) - 3*u(d). Give m(j).
-1
Suppose 2*h + 4 = 4*h. Let z be (h/(-6))/(5/(-15)). Let b = -7 + z. Let i(u) = u**3 + 7*u**2 + 7*u + 3. What is i(b)?
-3
Let y(a) be the first derivative of 3*a**2 + 4. Determine y(-2).
-12
Let v = -7 + -1. Let y = 12 + v. Let z(m) = -m**2 + 4*m - 4. What is z(y)?
-4
Let y be (-28)/(-8)*(4 + -2). Let m(t) = y*t**2 - 3*t**3 + 8*t**3 - 6*t**3 + 4 - 3*t**2 - 2*t. Determine m(4).
-4
Let a(c) = c**2 + 3*c - 2. Let t(f) = 24*f + 0 + f**3 - 3 - 9*f**2 - 16*f. Let d be t(8). Determine a(d).
-2
Let u(v) = -v**3 + 5*v**2 + 5*v + 6. Let k be u(6). Let o(q) = -5 + 4 - 3 + q. Give o(k).
-4
Let d(t) = 7 - 4*t**2 + 3*t**2 - t - 3*t. Let f be d(-5). Let h(n) = 1 - 9*n + 17*n - 9*n - n. Give h(f).
-3
Suppose -3 = 2*l - 7. Let b(y) = -y - 2 + 0*y**l + 3*y - y**2. What is b(3)?
-5
Let q = -197 - -196. Let p(a) = -13*a**2 - a - 1. Calculate p(q).
-13
Suppose -5*w + 7 + 3 = 0. Suppose -10 = -w*j - 0*j. Let a(t) = -t**2 + 5*t + 4. Determine a(j).
4
Let h(y) be the first derivative of y**4/12 + 7*y**3/6 + y**2 + 5. Let w(d) be the second derivative of h(d). Calculate w(-5).
-3
Let u(c) be the third derivative of -c**5/60 + c**4/2 + 19*c**3/6 - 13*c**2. Calculate u(13).
6
Let r(o) = -2*o + 4. Let d(k) = -k + 1. Suppose -4 = 4*n - 8. Let c(h) = n*r(h) - d(h). Let s = -3 + 7. Give c(s).
-1
Let v(x) = -x + 13. Let g(h) = -1. Let d(r) = 6*g(r) + v(r). Calculate d(0).
7
Let o(n) = -13*n - 6 + 6*n + 8*n. Determine o(8).
2
Let s(y) = y**3 - y**2 + y + 10. Let o(j) = -2*j**3 + 8*j**2 - j + 4. Let u be o(4). What is s(u)?
10
Let v(m) = -m**3 + 2*m**2 - 1. Let c be v(1). Suppose i - 7 = -c*i. Let n(w) = w**3 + 8*w - w + 2 + 0*w**3 + i*w**2. Giv